33).
-5
Evaluate -1 + 1 + 0 + (-38 - -36).
-2
What is 0 + 2 + -5 - (0 - 1)?
-2
Evaluate -7 - (0 + -6) - (1 - -1).
-3
Evaluate -2 - (-6 - -3) - (1 - -5).
-5
What is the value of -4 + (4 - 4 - -4)?
0
Calculate (-8 - -5) + -2 + 3.
-2
2 - (0 - 4 - 0) - 3
3
Calculate 0 + (1 - (-6 + 4 + 6)).
-3
-3 - (4 - (-3 - (-2 + -3)))
-5
What is -1 + 3 + -6 + (1 - -5)?
2
1 + 0 + -1 + 5 + -10
-5
Calculate 2 + -1 - (0 + 3 + -5).
3
What is the value of (-7 - -3) + (0 - -1)?
-3
Calculate -2 + 3 - (-3 + 4) - -1.
1
1 + 11 + -18 + 5
-1
2 + (-1 - 1 - 0)
0
-10 - -12 - (-1 + -1)
4
Calculate 2 + 8 + 3 + -9.
4
1 + 1 + -4 - (-7 + 6)
-1
What is 6 - 1 - (24 + -18) - -5?
4
What is the value of (4 - 6) + -25 + 25?
-2
Calculate -7 - (12 - (-7 + 37)).
11
-2 + -1 + (-5 - -8) - -3
3
What is (3 - 4) + (-3 - (1 - 5))?
0
3 + 3 - (1 - -10)
-5
What is (7 - (15 + -6)) + 5?
3
Evaluate -8 + 4 - (-1 - (5 - 12)).
-10
What is the value of -2 - (0 - (2 + 2 + -4))?
-2
Calculate -2 - (13 - 2) - -12.
-1
Evaluate -4 - (0 + -3 - 1).
0
Calculate 4 + (-12 - (-3 + -6)).
1
What is the value of 1 - (-9 + 8 - 0)?
2
Calculate 12 + (5 - (5 + 6)) - -1.
7
Calculate 8 + 0 + 0 - (4 - 1).
5
What is 1 + (-4 - (-5 + 8) - -3)?
-3
What is the value of 3 + -3 - (0 - -1)?
-1
What is the value of -9 - (-10 + 3 - 3)?
1
What is the value of (-1 - (2 - 1)) + 4?
2
Evaluate -16 + 10 + (14 - 3).
5
1 + 6 + 5 + -7
5
Calculate (3 - (-6 + 5)) + -4 - -3.
3
What is the value of -11 + 2 + 10 + (0 - 4)?
-3
Calculate (10 - (3 - -3)) + 1 + -8.
-3
Evaluate 6 + -1 - -2 - 1.
6
Calculate 5 - 10 - ((4 - 1) + -5).
-3
Calculate -6 + 6 + (-7 - -5).
-2
What is -2 + 11 - (-4 + 2 + 6)?
5
Evaluate (1 + 1 - (37 - 39)) + -7.
-3
(4 - (-3 - -4)) + (1 - 9)
-5
What is 7 + -3 + 4 + -8 + 4?
4
-13 - -6 - (0 - 1)
-6
Evaluate -8 - (7 + -17 + 10).
-8
Evaluate 3 + (-8 - -10) + -9.
-4
(-5 - -1) + 3 + -1 + 6
4
(8 - 0) + (-33 + 15 - -9)
-1
Evaluate (-7 - 0) + (-10 - -8).
-9
Evaluate (-2 - 0) + -3 + 7.
2
What is the value of 3 - (5 - ((-5 - -10) + -3))?
0
What is 9 + (-4 - 0) - 2?
3
9 + (8 - (8 + 8))
1
Calculate -4 - (4 + 3 + -5 + -2).
-4
-1 + 12 + -1 + -7
3
What is 0 + (2 + -2 - 3)?
-3
-4 - ((-10 - -1) + 5)
0
What is 8 - (4 + (-2 + 11 - -1))?
-6
0 - -3 - 1 - 1
1
Evaluate 0 - (-3 - (-6 + 9)).
6
What is (1 - (2 + -4)) + 1?
4
Calculate 9 + 1 + (105 - 114).
1
-2 + 12 + -3 + -3
4
What is 0 - 3 - (3 - 6)?
0
Calculate -1 - (-4 - (-2 + 5 + -3)).
3
What is 14 + 0 + -26 + 16?
4
Calculate -6 + -10 + 22 - -1.
7
What is the value of 0 + (-28 - -32 - (-1 + 5))?
0
What is the value of (3 - 0) + 4 - 3?
4
Calculate -8 + (14 - 7) - -9.
8
What is the value of -6 + (5 - (-3 + -4 + -3))?
9
What is the value of 1 - (-8 - -2 - -5)?
2
What is the value of -6 - (-11 - -9) - (1 - 0)?
-5
2 + 6 + -7 - (-1 - -6)
-4
Evaluate 2 + 1 + -13 + -27 + 33.
-4
1 - (3 + -18 + 6)
10
Calculate 2 - (1 - (-5 - -4)) - 4.
-4
Evaluate 5 - (-2 + 1 - -1).
5
-1 - -2 - (1 - (-4 - -6))
2
-6 + -1 + 13 + -1
5
Evaluate (-5 - -6) + (0 - 0) - 3.
-2
What is -3 - (-2 - (3 + -6))?
-4
-3 - (-13 - -6) - (-9 + 10)
3
What is 0 + (1 - 3) + 12 + -10?
0
What is 4 - (5 - 5 - -7)?
-3
4 + (8 - 2) + 5 + -7
8
Calculate (28 - 34) + 0 + 7 + 2.
3
Calculate 11 + -13 + (0 - -2).
0
What is the value of (2 - -2) + (48 - 54)?
-2
What is the value of (-5 - (-14 - (-7 - -4))) + 2?
8
What is -1 - -5 - (-20 - (-7 + -25))?
-8
What is the value of 3 - (7 - 0) - (8 + -18)?
6
What is the value of ((-2 - -8) + -8 - -12) + -6?
4
What is the value of -8 + (6 - 2) - -9?
5
Calculate 1 + -6 + -4 + (-8 - -8).
-9
What is the value of 4 + 3 + -3 + 0 + 0?
4
Evaluate (-19 + 19 - (-1 + 5)) + 8.
4
What is -3 + 0 - (0 + -10 + 7)?
0
Calculate (-22 + 11 - -4) + (4 - 0).
-3
What is the value of -3 + 6 - (-2 - -6)?
-1
What is the value of 1 - (-4 - -4 - 1)?
2
Evaluate 8 + 3 + (-2 - 17).
-8
What is the value of -4 + (2 + -7 - -5)?
-4
What is -1 + -1 + -1 + 4 + 4?
5
Calculate (-14 - -10) + (8 - 1 - 0).
3
What is the value of 1 + -4 + 2 + -4 + 5?
0
Evaluate (0 - 0 - -5) + 0 - 6.
-1
Calculate 8 - (4 + 10) - (4 - 10).
0
Calculate (6 - -1) + -13 - -4.
-2
What is the value of -4 - 0 - (-8 + 4 + 5)?
-5
Calculate (-1 - (-2 + 2)) + -2.
-3
Evaluate (-9 - -3) + 7 - (4 + 1).
-4
What is the value of (-4 - (-3 - 1)) + (13 - 10)?
3
What is 1 + -4 - ((-3 - 2) + 1)?
1
(14 - 7) + -10 - -8
5
Calculate 0 + -2 - (18 + -23).
3
0 + -1 + (7 + 2 - 6)
2
What is 0 - ((-1 - (1 + -1)) + 3)?
-2
Calculate (2 - (0 + -4)) + -8.
-2
Calculate -8 - -8 - (-1 + 2).
-1
Evaluate 3 - (4 + 1 - 1).
-1
Evaluate -14 + (3 - (3 + -4)) - -6.
-4
What is -31 + 30 + (0 - 8 - -3)?
-6
What is 4 + (-5 - (1 - 2)) - 3?
-3
-1 + -6 - -2 - (-2 - 0)
-3
What is -11 + 23 + -12 + 6?
6
Evaluate -15 + -7 + -10 + 23.
-9
What is -9 + 12 - (3 + -1)?
1
4 + 0 - (-16 - -18)
2
Evaluate 0 - 3 - -5 - 2.
0
1 + (8 - 4 - -3) - 0
8
Evaluate -5 - (-8 + (3 - -1)).
-1
Evaluate -9 + 5 - (-4 - (-10 - -6)).
-4
Evaluate (0 - 1) + (-15 - -17).
1
Calculate 4 + -5 + -5 - -7.
1
What is the value of 12 - 14 - (2 - 0)?
-4
-20 + 3 + 17 + -5
-5
4 + 4 + 16 + -19
5
Calculate 7 - 1 - 2 - 9.
-5
What is the value of (-7 - -2) + 5 - (2 - 2)?
0
Evaluate -6 + (5 - 0 - 0 - 2).
-3
What is the value of -2 - (-4 - (-9 - -5))?
-2
Calculate 5 + 5 + 3 + -5.
8
Calculate (7 - -4 - -5) + -12.
4
Evaluate (1 - 6) + 1 + 0.
-4
-2 + -1 + (-10 - 0 - -11)
-2
Evaluate -4 + (3 - 4) - (4 - 6).
-3
Calculate 190 - 185 - ((1 - -9) + 1).
-6
-5 + 1 + (-10 - (-4 + -2))
-8
Evaluate -4 - 6 - (1 - 7).
-4
What is 4 - 2 - (-3 + -2 - -9)?
-2
Calculate 0 + 11 - (-20 - -30).
1
2 + -2 - (-38 - -39)
-1
What is the value of (-17 - -26) + (-5 - 1) + -3?
0
What is -3 - -3 - (3 - 0)?
-3
What is 6 - 4 - (3 + (3 - 1))?
-3
Calculate 3 - (3 + -8 - -11).
-3
What is 5 - (-8 + (14 - 9))?
8
Evaluate 1 + -4 + (11 - 3).
5
Calculate -3 + -5 + 7 + -2.
-3
What is the value of -2 + (-2 - 1 - -12)?
7
(5 - (12 + (-6 - 0))) + 1
0
Evaluate 6 + (-4 - -1) + -7.
-4
3 + -1 - (5 - 2 - -2)
-3
5 - (1 - -3 - 2)
3
5 + -5 - (-3 - (-1 - 0))
2
Calculate (31 - 36) + 0 + 0 + -3.
-8
Calculate (-4 - 0 - -3) + 5 + -2.
2
What is 0 + (-2 - (-7 - -4))?
1
What is (39 - 40) + -1 + 0 + 1?
-1
What is the value of -2 - -8 - (23 + -22)?
5
Evaluate 5 + -2 + (-2 - 2) + 1.
0
What is -5 - (3 - (4 + -4))?
-8
What is -1 - 0 - (-15 + 11 - 0)?
3
Evaluate 1 + -5 + 6 - 6.
-4
What is the value of (5 - 0) + -1 - 0 - 2?
2
Calculate 5 + (-3 - -2) - (0 + 3).
1
What is (-2 - -5 - -3) + -3?
3
0 - (-8 - (-1 - 2))
5
What is -1 - ((0 - -3) + 0)?
-4
Calculate 0 + (1 - (-2 + 2 - 4)).
5
Evaluate -1 + 1 + 3 + 7 + -15.
-5
Calculate 2 + 0 + -4 + (-4 - -1).
-5
0 + 4 + (29 - 39)
-6
What is the value of 1 + -5 + (-7 - (0 + -8))?
-3
Evaluate -5 - (5 + (-14 - -5)).
-1
What is (7 - 6 - 6) + 6?
1
What is the value of -1 + -2 + -7 + 5 + 2?
-3
Evaluate -3 - (12 - (24 - 11)).
-2
What is the value of -10 - (-29 + 9) - 12?
-2
1 - (-8 - (2 - 11))
0
What is the value of (-2 - 2) + -3 + -1 + 3?
-5
What is the value of (-63 - -63) + 0 + -2?
-2
(-4 - -1) + (-2 - -2 - -7)
4
Evaluate -3 + (-4 - -7) + -4.
-4
5 - (6 + (3 - 5) - 1)
2
What is -13 + (3 + -2 - -7)?
-5
1 + -1 - (21 - 29)
8
Evaluate 2 + (-10 - (-5 - 0)) + 0.
-3
Evaluate (-2 - 1) + -16 + 11 + 10.
2
-7 + (-2 - (-10 - -5))
-4
What is the value of -6 - 4 - -6 - (0 - 0)?
-4
7 + 1 - 5 - (3 + -2)
2
(5 - 0) + -6 - -4
3
Calculate (1 - 1) + -11 + 5 + 6.
0
What is -3 - 4 - (3 + -15)?
5
What is the value of (4 - 0) + -17 + 13?
0
What is the value of 2 + -1 + (-5 - -4)?
0
What is the value of 2 - (-13 + 17 + -9)?
7
What is the value of -3 + 4 - 0 - -2?
3
What is the value of 4 + -1 - (7 + 1 - 6)?
1
What is -11 + (15 - (2 - -2))?
0
Calculate -2 + -3 + (-2 - 0) + 3.
-4
What is -2 + 10 + (-3 - 2)?
3
0 - (13 + -8) - -8
3
What is the value of (-5 - -3 - -4 - 3) + -1?
-2
What is the value of 9 + -10 + 2 + -1?
0
What is the value of (9 - 4) + (2 - (3 - 0))?
4
What is (0 + 4 - 0) + 1?
5
Evaluate 10 - 13 - (-2 + -1).
0
7 + (3 - 9) + -1
0
What is the value of 12 + 13 + -2 + -25?
-2
-2 + 2 + (2 - 9) + 2
-5
Calculate 1 - -1 - (-16 + 11).
7
What is -3 - (5 + 6 + -3 + -2)?
-9
What is (-4 - (-2 - 1)) + -3?
-4
What is the value of -1 - (-3 + (-1 - 2))?
5
0 + (-7 - -4) + 0
-3
What is the value of (0 - (-1 + 0) - -1) + -7?
-5
Calculate -5 - (13 - 8) - 0.
-10
(-2 - (0 - 0 - 2)) + -2
-2
Calculate 2 - (-3 - (-8 + 4)).
1
What is 11 + (-2 - (3 + 0))?
6
Calculate 8